{"id":69,"date":"2020-05-01T11:23:14","date_gmt":"2020-05-01T09:23:14","guid":{"rendered":"https:\/\/med.popobar.cz\/?page_id=69"},"modified":"2021-10-02T19:50:34","modified_gmt":"2021-10-02T17:50:34","slug":"med-kvetovy","status":"publish","type":"page","link":"https:\/\/med.popobar.cz\/?page_id=69","title":{"rendered":"MED KV\u011aTOV\u00dd"},"content":{"rendered":"<!-- wp:themify-builder\/canvas \/-->\n\n\n<h1 id=\"kvetovy\">Med kv\u011btov\u00fd<\/h1>\n\n\n\n<p class=\"has-white-color has-text-color\">.<\/p>\n\n\n\n<p>med kv\u011btov\u00fd pastov\u00fd<\/p>\n\n\n\n<p>je dobr\u00fd a moc sladk\u00fd<\/p>\n\n\n\n<p>ne tak moc, skoro p\u0159\u00edli\u0161<\/p>\n","protected":false},"excerpt":{"rendered":"<p>Med kv\u011btov\u00fd . med kv\u011btov\u00fd pastov\u00fd je dobr\u00fd a moc sladk\u00fd ne tak moc, skoro p\u0159\u00edli\u0161<\/p>\n","protected":false},"author":1,"featured_media":0,"parent":0,"menu_order":0,"comment_status":"closed","ping_status":"closed","template":"","meta":[],"builder_content":"\nV\u00fdrazem med se ozna\u010duje sladk\u00fd lepiv\u00fd produkt ze sm\u011bsi cukr\u016f, kter\u00fd v\u010dely \u201evyr\u00e1b\u011bj\u00ed\u201c ze sladk\u00fdch \u0161\u0165\u00e1v kv\u011bt\u016f rostlin a m\u0161icemi zpracovan\u00e9 m\u00edzy strom\u016f, ulp\u011bl\u00e9 na listech \u010di jehli\u010d\u00ed. Takto z\u00edskanou surovinu v\u010dely n\u011bkolik dn\u016f enzymaticky \u0161t\u011bp\u00ed ve sv\u00fdch \u00fatrob\u00e1ch a t\u00edm m\u011bn\u00ed sladk\u00e9 \u0161\u0165\u00e1vy na med, kter\u00fd je slo\u017een\u00fd ze dvou z\u00e1kladn\u00edch cukr\u016f (gluk\u00f3zy a frukt\u00f3zy), miner\u00e1ln\u00edch l\u00e1tek, kyselin, b\u00edlkovin a dal\u0161\u00edch na\u0161emu t\u011blu prosp\u011b\u0161n\u00fdch prvk\u016f. Specifick\u00e9 slo\u017een\u00ed medu nejv\u00edce z\u00e1vis\u00ed na sm\u011bsi v\u010delami nav\u0161t\u00edven\u00fdch kv\u011bt\u016f. Li\u0161\u00ed se podle lokality, obdob\u00ed, sezony i jednotliv\u00fdch v\u010delstev. Hmotnost 1 litru medu je asi 1,4 kg.","_links":{"self":[{"href":"https:\/\/med.popobar.cz\/index.php?rest_route=\/wp\/v2\/pages\/69"}],"collection":[{"href":"https:\/\/med.popobar.cz\/index.php?rest_route=\/wp\/v2\/pages"}],"about":[{"href":"https:\/\/med.popobar.cz\/index.php?rest_route=\/wp\/v2\/types\/page"}],"author":[{"embeddable":true,"href":"https:\/\/med.popobar.cz\/index.php?rest_route=\/wp\/v2\/users\/1"}],"replies":[{"embeddable":true,"href":"https:\/\/med.popobar.cz\/index.php?rest_route=%2Fwp%2Fv2%2Fcomments&post=69"}],"version-history":[{"count":5,"href":"https:\/\/med.popobar.cz\/index.php?rest_route=\/wp\/v2\/pages\/69\/revisions"}],"predecessor-version":[{"id":375,"href":"https:\/\/med.popobar.cz\/index.php?rest_route=\/wp\/v2\/pages\/69\/revisions\/375"}],"wp:attachment":[{"href":"https:\/\/med.popobar.cz\/index.php?rest_route=%2Fwp%2Fv2%2Fmedia&parent=69"}],"curies":[{"name":"wp","href":"https:\/\/api.w.org\/{rel}","templated":true}]}}